{"id":281,"date":"2025-12-01T18:45:58","date_gmt":"2025-12-01T18:45:58","guid":{"rendered":"https:\/\/segundalecturamanelsouto.bernat26.es\/?post_type=product&#038;p=281"},"modified":"2025-12-01T18:54:41","modified_gmt":"2025-12-01T18:54:41","slug":"la-chica-del-lago","status":"publish","type":"product","link":"https:\/\/segundalecturamanelsouto.bernat26.es\/?product=la-chica-del-lago","title":{"rendered":"La chica del lago"},"content":{"rendered":"<p>&nbsp;<\/p>\n<p><strong data-start=\"58\" data-end=\"81\"><em data-start=\"60\" data-end=\"79\">La chica del lago<\/em><\/strong> es una novela de misterio y suspense donde, tras hallar el cad\u00e1ver de una joven en un lago, se inicia una investigaci\u00f3n llena de secretos, mentiras y conexiones inesperadas. A medida que avanza la historia, se revelan relaciones ocultas entre los habitantes del lugar y se descubre que casi todos esconden algo relacionado con la v\u00edctima. El protagonista \u2014generalmente un investigador o alguien cercano al caso, seg\u00fan la edici\u00f3n o versi\u00f3n\u2014 deber\u00e1 enfrentar el pasado del pueblo y desentra\u00f1ar la verdad detr\u00e1s de la muerte de la chica.<\/p>\n<p data-start=\"80\" data-end=\"567\">\n<p data-start=\"569\" data-end=\"1042\">\n","protected":false},"excerpt":{"rendered":"<p>&nbsp; La chica del lago es una novela de misterio y suspense donde, tras hallar el cad\u00e1ver de una joven [&hellip;]<\/p>\n","protected":false},"featured_media":282,"comment_status":"open","ping_status":"closed","template":"","meta":{"_uag_custom_page_level_css":"","site-sidebar-layout":"default","site-content-layout":"","ast-site-content-layout":"default","site-content-style":"default","site-sidebar-style":"default","ast-global-header-display":"","ast-banner-title-visibility":"","ast-main-header-display":"","ast-hfb-above-header-display":"","ast-hfb-below-header-display":"","ast-hfb-mobile-header-display":"","site-post-title":"","ast-breadcrumbs-content":"","ast-featured-img":"","footer-sml-layout":"","theme-transparent-header-meta":"default","adv-header-id-meta":"","stick-header-meta":"","header-above-stick-meta":"","header-main-stick-meta":"","header-below-stick-meta":"","astra-migrate-meta-layouts":"set","ast-page-background-enabled":"default","ast-page-background-meta":{"desktop":{"background-color":"var(--ast-global-color-5)","background-image":"","background-repeat":"repeat","background-position":"center center","background-size":"auto","background-attachment":"scroll","background-type":"","background-media":"","overlay-type":"","overlay-color":"","overlay-opacity":"","overlay-gradient":""},"tablet":{"background-color":"","background-image":"","background-repeat":"repeat","background-position":"center center","background-size":"auto","background-attachment":"scroll","background-type":"","background-media":"","overlay-type":"","overlay-color":"","overlay-opacity":"","overlay-gradient":""},"mobile":{"background-color":"","background-image":"","background-repeat":"repeat","background-position":"center center","background-size":"auto","background-attachment":"scroll","background-type":"","background-media":"","overlay-type":"","overlay-color":"","overlay-opacity":"","overlay-gradient":""}},"ast-content-background-meta":{"desktop":{"background-color":"var(--ast-global-color-4)","background-image":"","background-repeat":"repeat","background-position":"center center","background-size":"auto","background-attachment":"scroll","background-type":"","background-media":"","overlay-type":"","overlay-color":"","overlay-opacity":"","overlay-gradient":""},"tablet":{"background-color":"var(--ast-global-color-4)","background-image":"","background-repeat":"repeat","background-position":"center center","background-size":"auto","background-attachment":"scroll","background-type":"","background-media":"","overlay-type":"","overlay-color":"","overlay-opacity":"","overlay-gradient":""},"mobile":{"background-color":"var(--ast-global-color-4)","background-image":"","background-repeat":"repeat","background-position":"center center","background-size":"auto","background-attachment":"scroll","background-type":"","background-media":"","overlay-type":"","overlay-color":"","overlay-opacity":"","overlay-gradient":""}}},"product_brand":[27],"product_cat":[30],"product_tag":[],"class_list":{"0":"post-281","1":"product","2":"type-product","3":"status-publish","4":"has-post-thumbnail","6":"product_brand-editorial-penguin","7":"product_cat-genero-suspense","8":"desktop-align-left","9":"tablet-align-left","10":"mobile-align-left","12":"first","13":"instock","14":"taxable","15":"shipping-taxable","16":"purchasable","17":"product-type-simple"},"uagb_featured_image_src":{"full":["https:\/\/segundalecturamanelsouto.bernat26.es\/wp-content\/uploads\/2025\/12\/la-chica-del-lago.webp",250,386,false],"thumbnail":["https:\/\/segundalecturamanelsouto.bernat26.es\/wp-content\/uploads\/2025\/12\/la-chica-del-lago-150x150.webp",150,150,true],"medium":["https:\/\/segundalecturamanelsouto.bernat26.es\/wp-content\/uploads\/2025\/12\/la-chica-del-lago-194x300.webp",194,300,true],"medium_large":["https:\/\/segundalecturamanelsouto.bernat26.es\/wp-content\/uploads\/2025\/12\/la-chica-del-lago.webp",250,386,false],"large":["https:\/\/segundalecturamanelsouto.bernat26.es\/wp-content\/uploads\/2025\/12\/la-chica-del-lago.webp",250,386,false],"1536x1536":["https:\/\/segundalecturamanelsouto.bernat26.es\/wp-content\/uploads\/2025\/12\/la-chica-del-lago.webp",250,386,false],"2048x2048":["https:\/\/segundalecturamanelsouto.bernat26.es\/wp-content\/uploads\/2025\/12\/la-chica-del-lago.webp",250,386,false],"woocommerce_thumbnail":["https:\/\/segundalecturamanelsouto.bernat26.es\/wp-content\/uploads\/2025\/12\/la-chica-del-lago-250x300.webp",250,300,true],"woocommerce_single":["https:\/\/segundalecturamanelsouto.bernat26.es\/wp-content\/uploads\/2025\/12\/la-chica-del-lago.webp",250,386,false],"woocommerce_gallery_thumbnail":["https:\/\/segundalecturamanelsouto.bernat26.es\/wp-content\/uploads\/2025\/12\/la-chica-del-lago-100x100.webp",100,100,true]},"uagb_author_info":{"display_name":"admin","author_link":"https:\/\/segundalecturamanelsouto.bernat26.es\/author"},"uagb_comment_info":0,"uagb_excerpt":"&nbsp; La chica del lago es una novela de misterio y suspense donde, tras hallar el cad\u00e1ver de una joven [&hellip;]","_links":{"self":[{"href":"https:\/\/segundalecturamanelsouto.bernat26.es\/index.php?rest_route=\/wp\/v2\/product\/281","targetHints":{"allow":["GET"]}}],"collection":[{"href":"https:\/\/segundalecturamanelsouto.bernat26.es\/index.php?rest_route=\/wp\/v2\/product"}],"about":[{"href":"https:\/\/segundalecturamanelsouto.bernat26.es\/index.php?rest_route=\/wp\/v2\/types\/product"}],"replies":[{"embeddable":true,"href":"https:\/\/segundalecturamanelsouto.bernat26.es\/index.php?rest_route=%2Fwp%2Fv2%2Fcomments&post=281"}],"wp:featuredmedia":[{"embeddable":true,"href":"https:\/\/segundalecturamanelsouto.bernat26.es\/index.php?rest_route=\/wp\/v2\/media\/282"}],"wp:attachment":[{"href":"https:\/\/segundalecturamanelsouto.bernat26.es\/index.php?rest_route=%2Fwp%2Fv2%2Fmedia&parent=281"}],"wp:term":[{"taxonomy":"product_brand","embeddable":true,"href":"https:\/\/segundalecturamanelsouto.bernat26.es\/index.php?rest_route=%2Fwp%2Fv2%2Fproduct_brand&post=281"},{"taxonomy":"product_cat","embeddable":true,"href":"https:\/\/segundalecturamanelsouto.bernat26.es\/index.php?rest_route=%2Fwp%2Fv2%2Fproduct_cat&post=281"},{"taxonomy":"product_tag","embeddable":true,"href":"https:\/\/segundalecturamanelsouto.bernat26.es\/index.php?rest_route=%2Fwp%2Fv2%2Fproduct_tag&post=281"}],"curies":[{"name":"wp","href":"https:\/\/api.w.org\/{rel}","templated":true}]}}